{"id":188,"date":"2016-02-17T17:02:49","date_gmt":"2016-02-17T16:02:49","guid":{"rendered":"http:\/\/no-made.net\/?page_id=188"},"modified":"2017-02-03T15:53:19","modified_gmt":"2017-02-03T14:53:19","slug":"les-printemps-2","status":"publish","type":"page","link":"https:\/\/no-made.net\/index.php\/annales\/les-printemps-2\/","title":{"rendered":"Les Printemps"},"content":{"rendered":"<p>Avec l&rsquo;Universit\u00e9 de Nice Sophia-Antipolis, pendant les printemps :<\/p>\n<p><strong>2010<\/strong> \u00a0<img data-recalc-dims=\"1\" loading=\"lazy\" decoding=\"async\" data-attachment-id=\"190\" data-permalink=\"https:\/\/no-made.net\/index.php\/annales\/les-printemps-2\/affiche-printemps-10\/\" data-orig-file=\"https:\/\/i0.wp.com\/no-made.net\/wp-content\/uploads\/2016\/02\/Affiche-printemps-10.jpg?fit=503%2C745&amp;ssl=1\" data-orig-size=\"503,745\" data-comments-opened=\"0\" data-image-meta=\"{&quot;aperture&quot;:&quot;0&quot;,&quot;credit&quot;:&quot;&quot;,&quot;camera&quot;:&quot;&quot;,&quot;caption&quot;:&quot;&quot;,&quot;created_timestamp&quot;:&quot;0&quot;,&quot;copyright&quot;:&quot;&quot;,&quot;focal_length&quot;:&quot;0&quot;,&quot;iso&quot;:&quot;0&quot;,&quot;shutter_speed&quot;:&quot;0&quot;,&quot;title&quot;:&quot;&quot;,&quot;orientation&quot;:&quot;1&quot;}\" data-image-title=\"Affiche-printemps-10\" data-image-description=\"\" data-image-caption=\"\" data-large-file=\"https:\/\/i0.wp.com\/no-made.net\/wp-content\/uploads\/2016\/02\/Affiche-printemps-10.jpg?fit=503%2C745&amp;ssl=1\" class=\"aligncenter size-medium wp-image-190\" src=\"https:\/\/i0.wp.com\/no-made.net\/wp-content\/uploads\/2016\/02\/Affiche-printemps-10.jpg?resize=203%2C300&#038;ssl=1\" alt=\"Affiche-printemps-10\" width=\"203\" height=\"300\" srcset=\"https:\/\/i0.wp.com\/no-made.net\/wp-content\/uploads\/2016\/02\/Affiche-printemps-10.jpg?resize=203%2C300&amp;ssl=1 203w, https:\/\/i0.wp.com\/no-made.net\/wp-content\/uploads\/2016\/02\/Affiche-printemps-10.jpg?resize=101%2C150&amp;ssl=1 101w, https:\/\/i0.wp.com\/no-made.net\/wp-content\/uploads\/2016\/02\/Affiche-printemps-10.jpg?w=503&amp;ssl=1 503w\" sizes=\"auto, (max-width: 203px) 100vw, 203px\" \/><\/p>\n<p>catalogue :<span style=\"color: #0000ff;\"><a style=\"color: #0000ff;\" href=\"https:\/\/fr.calameo.com\/read\/004431895b742a567735c\"> ICI<\/a><\/span><\/p>\n<p>&nbsp;<\/p>\n<p><strong>2011<\/strong><\/p>\n<p><img data-recalc-dims=\"1\" loading=\"lazy\" decoding=\"async\" data-attachment-id=\"189\" data-permalink=\"https:\/\/no-made.net\/index.php\/annales\/les-printemps-2\/affiche-printemps-2011\/\" data-orig-file=\"https:\/\/i0.wp.com\/no-made.net\/wp-content\/uploads\/2016\/02\/Affiche-printemps-2011.jpg?fit=503%2C734&amp;ssl=1\" data-orig-size=\"503,734\" data-comments-opened=\"0\" data-image-meta=\"{&quot;aperture&quot;:&quot;0&quot;,&quot;credit&quot;:&quot;&quot;,&quot;camera&quot;:&quot;&quot;,&quot;caption&quot;:&quot;&quot;,&quot;created_timestamp&quot;:&quot;0&quot;,&quot;copyright&quot;:&quot;&quot;,&quot;focal_length&quot;:&quot;0&quot;,&quot;iso&quot;:&quot;0&quot;,&quot;shutter_speed&quot;:&quot;0&quot;,&quot;title&quot;:&quot;&quot;,&quot;orientation&quot;:&quot;1&quot;}\" data-image-title=\"Affiche-printemps-2011\" data-image-description=\"\" data-image-caption=\"\" data-large-file=\"https:\/\/i0.wp.com\/no-made.net\/wp-content\/uploads\/2016\/02\/Affiche-printemps-2011.jpg?fit=503%2C734&amp;ssl=1\" class=\"aligncenter size-medium wp-image-189\" src=\"https:\/\/i0.wp.com\/no-made.net\/wp-content\/uploads\/2016\/02\/Affiche-printemps-2011.jpg?resize=206%2C300&#038;ssl=1\" alt=\"Affiche-printemps-2011\" width=\"206\" height=\"300\" srcset=\"https:\/\/i0.wp.com\/no-made.net\/wp-content\/uploads\/2016\/02\/Affiche-printemps-2011.jpg?resize=206%2C300&amp;ssl=1 206w, https:\/\/i0.wp.com\/no-made.net\/wp-content\/uploads\/2016\/02\/Affiche-printemps-2011.jpg?resize=103%2C150&amp;ssl=1 103w, https:\/\/i0.wp.com\/no-made.net\/wp-content\/uploads\/2016\/02\/Affiche-printemps-2011.jpg?w=503&amp;ssl=1 503w\" sizes=\"auto, (max-width: 206px) 100vw, 206px\" \/><\/p>\n<p>catalogue : <span style=\"color: #0000ff;\"><a style=\"color: #0000ff;\" href=\"https:\/\/fr.calameo.com\/read\/00443189593c000c32ec9\">L\u00c0<\/a><\/span><\/p>\n<p>&nbsp;<\/p>\n<p><strong>2016<\/strong><\/p>\n<p><img data-recalc-dims=\"1\" loading=\"lazy\" decoding=\"async\" data-attachment-id=\"67\" data-permalink=\"https:\/\/no-made.net\/index.php\/bonjour-tout-le-monde\/affiches-33-good\/\" data-orig-file=\"https:\/\/i0.wp.com\/no-made.net\/wp-content\/uploads\/2016\/02\/affiches-33-good.jpg?fit=551%2C800&amp;ssl=1\" data-orig-size=\"551,800\" data-comments-opened=\"0\" data-image-meta=\"{&quot;aperture&quot;:&quot;0&quot;,&quot;credit&quot;:&quot;&quot;,&quot;camera&quot;:&quot;&quot;,&quot;caption&quot;:&quot;&quot;,&quot;created_timestamp&quot;:&quot;0&quot;,&quot;copyright&quot;:&quot;&quot;,&quot;focal_length&quot;:&quot;0&quot;,&quot;iso&quot;:&quot;0&quot;,&quot;shutter_speed&quot;:&quot;0&quot;,&quot;title&quot;:&quot;&quot;,&quot;orientation&quot;:&quot;0&quot;}\" data-image-title=\"affiches-33-good\" data-image-description=\"\" data-image-caption=\"\" data-large-file=\"https:\/\/i0.wp.com\/no-made.net\/wp-content\/uploads\/2016\/02\/affiches-33-good.jpg?fit=551%2C800&amp;ssl=1\" class=\"aligncenter size-medium wp-image-67\" src=\"https:\/\/i0.wp.com\/no-made.net\/wp-content\/uploads\/2016\/02\/affiches-33-good.jpg?resize=207%2C300&#038;ssl=1\" alt=\"affiches-33-good\" width=\"207\" height=\"300\" srcset=\"https:\/\/i0.wp.com\/no-made.net\/wp-content\/uploads\/2016\/02\/affiches-33-good.jpg?resize=207%2C300&amp;ssl=1 207w, https:\/\/i0.wp.com\/no-made.net\/wp-content\/uploads\/2016\/02\/affiches-33-good.jpg?resize=103%2C150&amp;ssl=1 103w, https:\/\/i0.wp.com\/no-made.net\/wp-content\/uploads\/2016\/02\/affiches-33-good.jpg?w=551&amp;ssl=1 551w\" sizes=\"auto, (max-width: 207px) 100vw, 207px\" \/><\/p>\n<p><span style=\"color: #0000ff;\"><a style=\"color: #0000ff;\" href=\"https:\/\/no-made.net\/index.php\/annales\/les-printemps-2\/staps\/\">L&rsquo;expo<\/a><\/span><\/p>\n<p>catalogue : <span style=\"color: #0000ff;\"><a style=\"color: #0000ff;\" href=\"https:\/\/fr.calameo.com\/read\/00443189595366a054563\">ICI aussi<\/a><\/span><\/p>\n<p>&nbsp;<\/p>\n<p>&nbsp;<\/p>\n<p>&nbsp;<\/p>\n","protected":false},"excerpt":{"rendered":"<p>Avec l&rsquo;Universit\u00e9 de Nice Sophia-Antipolis, pendant les printemps : 2010 \u00a0 catalogue : ICI &nbsp; 2011 catalogue : L\u00c0 &nbsp; 2016 L&rsquo;expo catalogue : ICI aussi &nbsp; &nbsp; &nbsp;<\/p>\n","protected":false},"author":1,"featured_media":0,"parent":35,"menu_order":1,"comment_status":"closed","ping_status":"closed","template":"","meta":{"jetpack_post_was_ever_published":false,"footnotes":""},"class_list":["post-188","page","type-page","status-publish","hentry"],"jetpack_sharing_enabled":true,"jetpack_shortlink":"https:\/\/wp.me\/P7iEVt-32","jetpack-related-posts":[{"id":35,"url":"https:\/\/no-made.net\/index.php\/annales\/","url_meta":{"origin":188,"position":0},"title":"Dossiers et catalogues : 2003 \u27f6 2017","author":"no-made","date":"30 janvier 2016","format":false,"excerpt":"Les archives des expositions de no-made depuis l'ann\u00e9e 2003 sont en ligne sous forme de dossiers ou catalogues sur le site calameo.com et plus particuli\u00e8rement ici : 2003, dossier sign\u00e9 Ben 2004, catalogue sign\u00e9 Ernest Pignon Ernest, Cap d'Ail-Villa Le Roc Fleuri, Arbor\u00e9tum de Roure 2004, dossier sign\u00e9 Ernest Pignon\u2026","rel":"","context":"Article similaire","block_context":{"text":"Article similaire","link":""},"img":{"alt_text":"","src":"","width":0,"height":0},"classes":[]},{"id":2495,"url":"https:\/\/no-made.net\/index.php\/2023-villa-thuret-adaptation\/","url_meta":{"origin":188,"position":1},"title":"2023 : Villa Thuret, Adaptation","author":"no-made","date":"18 janvier 2023","format":false,"excerpt":"Le catalogue-Villa-Thuret-2023 est en ligneR\u00e9alisation Denis Gibelin Cr\u00e9dit photos Franck FolletT\u00e9l\u00e9charger Quelques d\u00e9tails pendant l'installation. Les photos des \u0153uvres compl\u00e8tes ont \u00e9t\u00e9 r\u00e9alis\u00e9es par Franck Follet, photographe professionnel ... D\u00e9but d'expo le 2 mai - fin d'expo le 17 septembre 2023 Lien vers les photos de Franck Follet","rel":"","context":"Article similaire","block_context":{"text":"Article similaire","link":""},"img":{"alt_text":"","src":"https:\/\/i0.wp.com\/no-made.net\/wp-content\/uploads\/2023\/04\/P1060261.jpg?resize=350%2C200","width":350,"height":200,"srcset":"https:\/\/i0.wp.com\/no-made.net\/wp-content\/uploads\/2023\/04\/P1060261.jpg?resize=350%2C200 1x, https:\/\/i0.wp.com\/no-made.net\/wp-content\/uploads\/2023\/04\/P1060261.jpg?resize=525%2C300 1.5x, https:\/\/i0.wp.com\/no-made.net\/wp-content\/uploads\/2023\/04\/P1060261.jpg?resize=700%2C400 2x, https:\/\/i0.wp.com\/no-made.net\/wp-content\/uploads\/2023\/04\/P1060261.jpg?resize=1050%2C600 3x, https:\/\/i0.wp.com\/no-made.net\/wp-content\/uploads\/2023\/04\/P1060261.jpg?resize=1400%2C800 4x"},"classes":[]},{"id":231,"url":"https:\/\/no-made.net\/index.php\/annales\/les-printemps-2\/staps\/lexposition\/","url_meta":{"origin":188,"position":2},"title":"L&rsquo;exposition","author":"no-made","date":"7 mars 2016","format":false,"excerpt":"","rel":"","context":"Article similaire","block_context":{"text":"Article similaire","link":""},"img":{"alt_text":"","src":"https:\/\/i0.wp.com\/no-made.net\/wp-content\/uploads\/2016\/03\/vernissage-copie.jpg?resize=350%2C200","width":350,"height":200,"srcset":"https:\/\/i0.wp.com\/no-made.net\/wp-content\/uploads\/2016\/03\/vernissage-copie.jpg?resize=350%2C200 1x, https:\/\/i0.wp.com\/no-made.net\/wp-content\/uploads\/2016\/03\/vernissage-copie.jpg?resize=525%2C300 1.5x, https:\/\/i0.wp.com\/no-made.net\/wp-content\/uploads\/2016\/03\/vernissage-copie.jpg?resize=700%2C400 2x"},"classes":[]},{"id":72,"url":"https:\/\/no-made.net\/index.php\/annales\/flux\/","url_meta":{"origin":188,"position":3},"title":"Flux","author":"no-made","date":"4 f\u00e9vrier 2016","format":false,"excerpt":"\u00a0 Pour tout savoir : le site de l'exposition Pour aller plus loin :\u00a0Le dossier de presse Et encore plus loin : Le catalogue","rel":"","context":"Article similaire","block_context":{"text":"Article similaire","link":""},"img":{"alt_text":"","src":"","width":0,"height":0},"classes":[]},{"id":982,"url":"https:\/\/no-made.net\/index.php\/2019-roure-dolle\/","url_meta":{"origin":188,"position":4},"title":"2019 : Roure, Doll\u00e9","author":"no-made","date":"27 novembre 2019","format":false,"excerpt":"2003-2019, l'Arboretum de Louis Doll\u00e9. Le catalogue de l'exposition : une visite guid\u00e9e.","rel":"","context":"Article similaire","block_context":{"text":"Article similaire","link":""},"img":{"alt_text":"","src":"https:\/\/i0.wp.com\/no-made.net\/wp-content\/uploads\/2019\/11\/liste-des-oeuvres-web.jpg?resize=350%2C200","width":350,"height":200,"srcset":"https:\/\/i0.wp.com\/no-made.net\/wp-content\/uploads\/2019\/11\/liste-des-oeuvres-web.jpg?resize=350%2C200 1x, https:\/\/i0.wp.com\/no-made.net\/wp-content\/uploads\/2019\/11\/liste-des-oeuvres-web.jpg?resize=525%2C300 1.5x, https:\/\/i0.wp.com\/no-made.net\/wp-content\/uploads\/2019\/11\/liste-des-oeuvres-web.jpg?resize=700%2C400 2x"},"classes":[]},{"id":90,"url":"https:\/\/no-made.net\/index.php\/annales\/cap-dail\/","url_meta":{"origin":188,"position":5},"title":"Cap d&rsquo;Ail","author":"no-made","date":"4 f\u00e9vrier 2016","format":false,"excerpt":"Quelques vues : \u00a0 \u00a0 \u00a0 \u00a0 \u00a0 \u00a0 \u00a0 Le catalogue \u00a0","rel":"","context":"Article similaire","block_context":{"text":"Article similaire","link":""},"img":{"alt_text":"cap-d-ail-vandewelde-web","src":"https:\/\/i0.wp.com\/no-made.net\/wp-content\/uploads\/2016\/02\/cap-d-ail-vandewelde-web-1-200x300.jpg?resize=350%2C200","width":350,"height":200},"classes":[]}],"_links":{"self":[{"href":"https:\/\/no-made.net\/index.php\/wp-json\/wp\/v2\/pages\/188","targetHints":{"allow":["GET"]}}],"collection":[{"href":"https:\/\/no-made.net\/index.php\/wp-json\/wp\/v2\/pages"}],"about":[{"href":"https:\/\/no-made.net\/index.php\/wp-json\/wp\/v2\/types\/page"}],"author":[{"embeddable":true,"href":"https:\/\/no-made.net\/index.php\/wp-json\/wp\/v2\/users\/1"}],"replies":[{"embeddable":true,"href":"https:\/\/no-made.net\/index.php\/wp-json\/wp\/v2\/comments?post=188"}],"version-history":[{"count":15,"href":"https:\/\/no-made.net\/index.php\/wp-json\/wp\/v2\/pages\/188\/revisions"}],"predecessor-version":[{"id":357,"href":"https:\/\/no-made.net\/index.php\/wp-json\/wp\/v2\/pages\/188\/revisions\/357"}],"up":[{"embeddable":true,"href":"https:\/\/no-made.net\/index.php\/wp-json\/wp\/v2\/pages\/35"}],"wp:attachment":[{"href":"https:\/\/no-made.net\/index.php\/wp-json\/wp\/v2\/media?parent=188"}],"curies":[{"name":"wp","href":"https:\/\/api.w.org\/{rel}","templated":true}]}}