{"id":341,"date":"2017-01-27T15:55:48","date_gmt":"2017-01-27T14:55:48","guid":{"rendered":"http:\/\/no-made.net\/?page_id=341"},"modified":"2026-04-08T10:02:27","modified_gmt":"2026-04-08T09:02:27","slug":"contacts-et-liens","status":"publish","type":"page","link":"https:\/\/no-made.net\/index.php\/contacts-et-liens\/","title":{"rendered":"Contacts et liens"},"content":{"rendered":"<p><span style=\"color: #3366ff;\"><strong>Le pr\u00e9sident<\/strong><\/span><\/p>\n<p>no.made.lassos@gmail.com<\/p>\n<p>06 09 03 33 83<\/p>\n<p><span style=\"color: #3366ff;\"><strong>Vers les sites des artistes en lien avec no-made<\/strong><\/span><\/p>\n<p><a href=\"https:\/\/no-made.net\/wp-content\/uploads\/2023\/08\/A-BAUDRY-per-sito-no-made.pdf\">Alain Baudry<\/a><\/p>\n<p><a href=\"https:\/\/www.joan-bettini.fr\/\" target=\"_blank\" rel=\"noopener noreferrer\">Joan Bettini<\/a><\/p>\n<p><a href=\"https:\/\/nathaliebroyelle.com\/\">Nathalie Broyelle<\/a><\/p>\n<p><a href=\"https:\/\/louisdolleymagier.org\" target=\"_blank\" rel=\"noopener noreferrer\">Louis Doll\u00e9<\/a><\/p>\n<p><a href=\"http:\/\/gabriel.fabre.free.fr\/bio.php\">Gabriel Fabre<\/a><\/p>\n<p><a href=\"https:\/\/christian-fulcheri.book.fr\/\">Christian Fulcheri<\/a><\/p>\n<p><a href=\"http:\/\/terr-e-toile.net\" target=\"_blank\" rel=\"noopener noreferrer\">Denis Gibelin<\/a><\/p>\n<p><a href=\"http:\/\/www.fguillemot.odexpo.com\" target=\"_blank\" rel=\"noopener noreferrer\">Florence Guillemot<\/a><\/p>\n<p><a href=\"http:\/\/jeanpierrejoly.fr\" target=\"_blank\" rel=\"noopener noreferrer\">Jean-Pierre Joly<\/a><\/p>\n<p><a href=\"https:\/\/www.michelekleijnen.com\/\" target=\"_blank\" rel=\"noopener noreferrer\">Mich\u00e8le Kleijnen<\/a><\/p>\n<p><a href=\"https:\/\/www.instagram.com\/clemencekna\/\" target=\"_blank\" rel=\"noopener noreferrer\">Cl\u00e9mence Knaebel<\/a><\/p>\n<p><a href=\"http:\/\/www.marzuk.com\" target=\"_blank\" rel=\"noopener noreferrer\">Andr\u00e9 Marzuk<\/a><\/p>\n<p><a href=\"https:\/\/www.artistescontemporains.org\/artistes\/veronique-roussiaux\/\" target=\"_blank\" rel=\"noopener noreferrer\">Veronique Roussiaux<\/a><\/p>\n<p><a href=\"https:\/\/oksana-sokolova.com\/fr\/demarche\/\">Oksana Sokolova<\/a><\/p>\n<p><a href=\"http:\/\/www.florent-testa.com\" target=\"_blank\" rel=\"noopener noreferrer\">Florent Testa<\/a><\/p>\n<p><a href=\"https:\/\/silva-usta.com\/en\/\">Silva Usta<\/a><\/p>\n<p><a href=\"https:\/\/annesophieviallon.wixsite.com\/annesophieviallon\" target=\"_blank\" rel=\"noopener noreferrer\">Anne-Sophie Viallon<\/a><\/p>\n<p><span style=\"color: #3366ff;\"><strong>Quelques lieux o\u00f9 nous exposons<\/strong><\/span><\/p>\n<p><a href=\"http:\/\/www.arboretum-roure.org\" target=\"_blank\" rel=\"noopener noreferrer\">Arboretum de Roure<\/a><\/p>\n<p><a href=\"http:\/\/roc-fleury.com\/Accueil\" target=\"_blank\" rel=\"noopener noreferrer\">Villa le Roc Fleury \u00e0 Cap d&rsquo;Ail<\/a><\/p>\n<p><a href=\"https:\/\/www6.sophia.inrae.fr\/jardin_thuret\" target=\"_blank\" rel=\"noopener noreferrer\">Villa Thuret \u00e0 Antibes &#8211; Jardin botanique <\/a><\/p>\n<p><span style=\"color: #3366ff;\"><strong>Autres liens<\/strong><\/span><\/p>\n<p><a href=\"https:\/\/www.instagram.com\/no_made_art_contemporain\/\">Instagram no-made<\/a><\/p>\n<p><span style=\"color: #99ccff;\">Conception du site: Jean Pierre Joly \/ <\/span><span style=\"color: #99ccff;\">Repris par Nicolas Prischi en Oct. 2020<\/span><\/p>\n\n\n<p><\/p>\n","protected":false},"excerpt":{"rendered":"<p>Le pr\u00e9sident no.made.lassos@gmail.com 06 09 03 33 83 Vers les sites des artistes en lien avec no-made Alain Baudry Joan Bettini Nathalie Broyelle Louis Doll\u00e9 Gabriel Fabre Christian Fulcheri Denis Gibelin Florence Guillemot Jean-Pierre Joly Mich\u00e8le Kleijnen Cl\u00e9mence Knaebel Andr\u00e9 Marzuk Veronique Roussiaux Oksana Sokolova Florent Testa Silva Usta Anne-Sophie Viallon Quelques lieux o\u00f9 nous &hellip; <a href=\"https:\/\/no-made.net\/index.php\/contacts-et-liens\/\" class=\"more-link\">Continuer la lecture de <span class=\"screen-reader-text\">Contacts et liens<\/span><\/a><\/p>\n","protected":false},"author":1,"featured_media":0,"parent":0,"menu_order":0,"comment_status":"closed","ping_status":"closed","template":"","meta":{"jetpack_post_was_ever_published":false,"footnotes":""},"class_list":["post-341","page","type-page","status-publish","hentry"],"jetpack_sharing_enabled":true,"jetpack_shortlink":"https:\/\/wp.me\/P7iEVt-5v","jetpack-related-posts":[{"id":3492,"url":"https:\/\/no-made.net\/index.php\/2025-d-t-p-a-l-n-i-le-geste-arboretum-de-roure\/","url_meta":{"origin":341,"position":0},"title":"2025 : Arboretum de Roure, d.t.p.\u00e0.l.n.i  &#8211; Le Geste","author":"no-made","date":"26 juillet 2025","format":false,"excerpt":"d.u t.\u00e9rritoire p.artag\u00e9 \u00e0 l.a n.on-i.ntervention Dans le cadre de la th\u00e9matique \u00ab du territoire partag\u00e9 \u00e0 la non-intervention \u00bb initi\u00e9e en 2024, nous poursuivons en 2025 avec la notion de \"Geste\" invitation 2025 affiche mains cerf 2025 sans logo Monaco Le Vernissage avec Mme le Maire de Roure Yanne\u2026","rel":"","context":"Article similaire","block_context":{"text":"Article similaire","link":""},"img":{"alt_text":"","src":"https:\/\/i0.wp.com\/no-made.net\/wp-content\/uploads\/2025\/10\/ARBO-01-2-scaled.jpg?resize=350%2C200","width":350,"height":200,"srcset":"https:\/\/i0.wp.com\/no-made.net\/wp-content\/uploads\/2025\/10\/ARBO-01-2-scaled.jpg?resize=350%2C200 1x, https:\/\/i0.wp.com\/no-made.net\/wp-content\/uploads\/2025\/10\/ARBO-01-2-scaled.jpg?resize=525%2C300 1.5x, https:\/\/i0.wp.com\/no-made.net\/wp-content\/uploads\/2025\/10\/ARBO-01-2-scaled.jpg?resize=700%2C400 2x, https:\/\/i0.wp.com\/no-made.net\/wp-content\/uploads\/2025\/10\/ARBO-01-2-scaled.jpg?resize=1050%2C600 3x, https:\/\/i0.wp.com\/no-made.net\/wp-content\/uploads\/2025\/10\/ARBO-01-2-scaled.jpg?resize=1400%2C800 4x"},"classes":[]},{"id":2136,"url":"https:\/\/no-made.net\/index.php\/2022-collection-permanente-a-larbo\/","url_meta":{"origin":341,"position":1},"title":"2022 : Collection Permanente \u00e0 l&rsquo;Arboretum de Roure","author":"no-made","date":"14 ao\u00fbt 2022","format":false,"excerpt":"Le site de l\u2019Arboretum est ouvert toute l\u2019ann\u00e9e et vous accueille de mai \u00e0 octobre de 10h et 18h et de novembre \u00e0 avril de 10h \u00e0 16h - Pour plus d'information, merci de visiter le site de l'Arboretum de Roure (arboretum-roure.org) Quelques photos prises lors du vernissage de la\u2026","rel":"","context":"Article similaire","block_context":{"text":"Article similaire","link":""},"img":{"alt_text":"","src":"https:\/\/i0.wp.com\/no-made.net\/wp-content\/uploads\/2022\/10\/IMG_20221002_110845-scaled.jpg?resize=350%2C200","width":350,"height":200,"srcset":"https:\/\/i0.wp.com\/no-made.net\/wp-content\/uploads\/2022\/10\/IMG_20221002_110845-scaled.jpg?resize=350%2C200 1x, https:\/\/i0.wp.com\/no-made.net\/wp-content\/uploads\/2022\/10\/IMG_20221002_110845-scaled.jpg?resize=525%2C300 1.5x, https:\/\/i0.wp.com\/no-made.net\/wp-content\/uploads\/2022\/10\/IMG_20221002_110845-scaled.jpg?resize=700%2C400 2x, https:\/\/i0.wp.com\/no-made.net\/wp-content\/uploads\/2022\/10\/IMG_20221002_110845-scaled.jpg?resize=1050%2C600 3x, https:\/\/i0.wp.com\/no-made.net\/wp-content\/uploads\/2022\/10\/IMG_20221002_110845-scaled.jpg?resize=1400%2C800 4x"},"classes":[]},{"id":1946,"url":"https:\/\/no-made.net\/index.php\/2022-2\/","url_meta":{"origin":341,"position":2},"title":"2022 : Substrat","author":"no-made","date":"6 janvier 2022","format":false,"excerpt":"L'Expo est ouverte tous les jours depuis le 4 septembre. Prochains \u00e9v\u00e8nements samedi 24 septembre 14h00 et 16h00, avant la fermeture de l'Expo le mardi 27 sept 2022 https:\/\/youtu.be\/Rri1yyX3qAo Entretiens avec les artistes (mise \u00e0 jour le 21 sept 2022) ... Les \u00e9v\u00e8nements ... Les artistes expos\u00e9s ... St\u00e9phanie Lobry\u2026","rel":"","context":"Article similaire","block_context":{"text":"Article similaire","link":""},"img":{"alt_text":"","src":"https:\/\/i0.wp.com\/no-made.net\/wp-content\/uploads\/2022\/09\/Carton-SUBSTRAT11-scaled.jpg?resize=350%2C200","width":350,"height":200,"srcset":"https:\/\/i0.wp.com\/no-made.net\/wp-content\/uploads\/2022\/09\/Carton-SUBSTRAT11-scaled.jpg?resize=350%2C200 1x, https:\/\/i0.wp.com\/no-made.net\/wp-content\/uploads\/2022\/09\/Carton-SUBSTRAT11-scaled.jpg?resize=525%2C300 1.5x, https:\/\/i0.wp.com\/no-made.net\/wp-content\/uploads\/2022\/09\/Carton-SUBSTRAT11-scaled.jpg?resize=700%2C400 2x, https:\/\/i0.wp.com\/no-made.net\/wp-content\/uploads\/2022\/09\/Carton-SUBSTRAT11-scaled.jpg?resize=1050%2C600 3x, https:\/\/i0.wp.com\/no-made.net\/wp-content\/uploads\/2022\/09\/Carton-SUBSTRAT11-scaled.jpg?resize=1400%2C800 4x"},"classes":[]},{"id":2495,"url":"https:\/\/no-made.net\/index.php\/2023-villa-thuret-adaptation\/","url_meta":{"origin":341,"position":3},"title":"2023 : Villa Thuret, Adaptation","author":"no-made","date":"18 janvier 2023","format":false,"excerpt":"Le catalogue-Villa-Thuret-2023 est en ligneR\u00e9alisation Denis Gibelin Cr\u00e9dit photos Franck FolletT\u00e9l\u00e9charger Quelques d\u00e9tails pendant l'installation. Les photos des \u0153uvres compl\u00e8tes ont \u00e9t\u00e9 r\u00e9alis\u00e9es par Franck Follet, photographe professionnel ... D\u00e9but d'expo le 2 mai - fin d'expo le 17 septembre 2023 Lien vers les photos de Franck Follet","rel":"","context":"Article similaire","block_context":{"text":"Article similaire","link":""},"img":{"alt_text":"","src":"https:\/\/i0.wp.com\/no-made.net\/wp-content\/uploads\/2023\/04\/P1060261.jpg?resize=350%2C200","width":350,"height":200,"srcset":"https:\/\/i0.wp.com\/no-made.net\/wp-content\/uploads\/2023\/04\/P1060261.jpg?resize=350%2C200 1x, https:\/\/i0.wp.com\/no-made.net\/wp-content\/uploads\/2023\/04\/P1060261.jpg?resize=525%2C300 1.5x, https:\/\/i0.wp.com\/no-made.net\/wp-content\/uploads\/2023\/04\/P1060261.jpg?resize=700%2C400 2x, https:\/\/i0.wp.com\/no-made.net\/wp-content\/uploads\/2023\/04\/P1060261.jpg?resize=1050%2C600 3x, https:\/\/i0.wp.com\/no-made.net\/wp-content\/uploads\/2023\/04\/P1060261.jpg?resize=1400%2C800 4x"},"classes":[]},{"id":44,"url":"https:\/\/no-made.net\/index.php\/annales\/les-printemps-2\/staps\/","url_meta":{"origin":341,"position":4},"title":"Staps","author":"no-made","date":"1 f\u00e9vrier 2016","format":false,"excerpt":"L\u2019immobilit\u00e9 dans le mouvement \u00ab\u00a0Il y a le p\u00f4le de celui qui fait une \u0153uvre et le p\u00f4le de celui qui la regarde. Je donne \u00e0 celui qui la regarde autant d\u2019importance qu\u2019\u00e0 celui qui la fait.\u00a0\u00bb Marcel Duchamp Entretiens avec Pierre Cabanne Ce th\u00e8me met en opposition deux \u00e9tats\u2026","rel":"","context":"Article similaire","block_context":{"text":"Article similaire","link":""},"img":{"alt_text":"","src":"","width":0,"height":0},"classes":[]},{"id":1604,"url":"https:\/\/no-made.net\/index.php\/2021-chronique\/","url_meta":{"origin":341,"position":5},"title":"2021 : Chronique","author":"no-made","date":"16 ao\u00fbt 2021","format":false,"excerpt":"Derni\u00e8re Visite Guid\u00e9e de l'Expo par St\u00e9phanie et Denis samedi 25 septembre \u00e0 16h00. Fermeture dimanche 27 septembre 2021 - Ici quelques photos des \u0153uvres expos\u00e9es envoy\u00e9es par les artistes. Quelques performances aussi ... (Continuez \u00e0 envoyer vos photos, nous les mettons en ligne bien volontier) ENTRETIENS AVEC LES ARTISTES\u2026","rel":"","context":"Article similaire","block_context":{"text":"Article similaire","link":""},"img":{"alt_text":"","src":"https:\/\/i0.wp.com\/no-made.net\/wp-content\/uploads\/2021\/09\/Journee-douverture-scaled.jpg?resize=350%2C200","width":350,"height":200,"srcset":"https:\/\/i0.wp.com\/no-made.net\/wp-content\/uploads\/2021\/09\/Journee-douverture-scaled.jpg?resize=350%2C200 1x, https:\/\/i0.wp.com\/no-made.net\/wp-content\/uploads\/2021\/09\/Journee-douverture-scaled.jpg?resize=525%2C300 1.5x, https:\/\/i0.wp.com\/no-made.net\/wp-content\/uploads\/2021\/09\/Journee-douverture-scaled.jpg?resize=700%2C400 2x, https:\/\/i0.wp.com\/no-made.net\/wp-content\/uploads\/2021\/09\/Journee-douverture-scaled.jpg?resize=1050%2C600 3x, https:\/\/i0.wp.com\/no-made.net\/wp-content\/uploads\/2021\/09\/Journee-douverture-scaled.jpg?resize=1400%2C800 4x"},"classes":[]}],"_links":{"self":[{"href":"https:\/\/no-made.net\/index.php\/wp-json\/wp\/v2\/pages\/341","targetHints":{"allow":["GET"]}}],"collection":[{"href":"https:\/\/no-made.net\/index.php\/wp-json\/wp\/v2\/pages"}],"about":[{"href":"https:\/\/no-made.net\/index.php\/wp-json\/wp\/v2\/types\/page"}],"author":[{"embeddable":true,"href":"https:\/\/no-made.net\/index.php\/wp-json\/wp\/v2\/users\/1"}],"replies":[{"embeddable":true,"href":"https:\/\/no-made.net\/index.php\/wp-json\/wp\/v2\/comments?post=341"}],"version-history":[{"count":30,"href":"https:\/\/no-made.net\/index.php\/wp-json\/wp\/v2\/pages\/341\/revisions"}],"predecessor-version":[{"id":3897,"href":"https:\/\/no-made.net\/index.php\/wp-json\/wp\/v2\/pages\/341\/revisions\/3897"}],"wp:attachment":[{"href":"https:\/\/no-made.net\/index.php\/wp-json\/wp\/v2\/media?parent=341"}],"curies":[{"name":"wp","href":"https:\/\/api.w.org\/{rel}","templated":true}]}}