{"id":445,"date":"2017-09-25T17:21:09","date_gmt":"2017-09-25T16:21:09","guid":{"rendered":"http:\/\/no-made.net\/?page_id=445"},"modified":"2017-09-25T17:23:49","modified_gmt":"2017-09-25T16:23:49","slug":"2017-roure-le-livre-et-plus","status":"publish","type":"page","link":"https:\/\/no-made.net\/index.php\/annales\/2017-dematerialisation\/2017-roure-le-livre-et-plus\/","title":{"rendered":"2017 : Roure, le livre et plus"},"content":{"rendered":"<p><a href=\"https:\/\/no-made.net\/wp-content\/uploads\/2017\/09\/affichederniereversion-web.jpg\"><img loading=\"lazy\" decoding=\"async\" class=\"aligncenter wp-image-440 size-full\" src=\"https:\/\/no-made.net\/wp-content\/uploads\/2017\/09\/affichederniereversion-web.jpg\" alt=\"\" width=\"712\" height=\"1000\" srcset=\"https:\/\/no-made.net\/wp-content\/uploads\/2017\/09\/affichederniereversion-web.jpg 712w, https:\/\/no-made.net\/wp-content\/uploads\/2017\/09\/affichederniereversion-web-107x150.jpg 107w, https:\/\/no-made.net\/wp-content\/uploads\/2017\/09\/affichederniereversion-web-214x300.jpg 214w\" sizes=\"auto, (max-width: 712px) 100vw, 712px\" \/><\/a><\/p>\n","protected":false},"excerpt":{"rendered":"","protected":false},"author":1,"featured_media":0,"parent":408,"menu_order":2,"comment_status":"closed","ping_status":"closed","template":"","meta":{"footnotes":""},"class_list":["post-445","page","type-page","status-publish","hentry"],"jetpack_sharing_enabled":true,"jetpack_shortlink":"https:\/\/wp.me\/P7iEVt-7b","jetpack-related-posts":[{"id":35,"url":"https:\/\/no-made.net\/index.php\/annales\/","url_meta":{"origin":445,"position":0},"title":"Dossiers et catalogues : 2003 \u27f6 2017","author":"no-made","date":"30 janvier 2016","format":false,"excerpt":"Les archives des expositions de no-made depuis l'ann\u00e9e 2003 sont en ligne sous forme de dossiers ou catalogues sur le site calameo.com et plus particuli\u00e8rement ici : 2003, dossier sign\u00e9 Ben 2004, catalogue sign\u00e9 Ernest Pignon Ernest, Cap d'Ail-Villa Le Roc Fleuri, Arbor\u00e9tum de Roure 2004, dossier sign\u00e9 Ernest Pignon\u2026","rel":"","context":"Article similaire","block_context":{"text":"Article similaire","link":""},"img":{"alt_text":"","src":"","width":0,"height":0},"classes":[]},{"id":154,"url":"https:\/\/no-made.net\/index.php\/annales\/roure-3\/","url_meta":{"origin":445,"position":1},"title":"Roure","author":"no-made","date":"10 f\u00e9vrier 2016","format":false,"excerpt":"Quelques vues aussi : \u00a0 \u00a0 \u00a0 \u00a0 \u00a0 \u00a0","rel":"","context":"Article similaire","block_context":{"text":"Article similaire","link":""},"img":{"alt_text":"Roche-roure-15-web","src":"https:\/\/i0.wp.com\/no-made.net\/wp-content\/uploads\/2016\/02\/Roche-roure-15-web-300x200.jpg?resize=350%2C200","width":350,"height":200},"classes":[]},{"id":982,"url":"https:\/\/no-made.net\/index.php\/2019-roure-dolle\/","url_meta":{"origin":445,"position":2},"title":"2019 : Roure, Doll\u00e9","author":"no-made","date":"27 novembre 2019","format":false,"excerpt":"2003-2019, l'Arboretum de Louis Doll\u00e9. Le catalogue de l'exposition : une visite guid\u00e9e.","rel":"","context":"Article similaire","block_context":{"text":"Article similaire","link":""},"img":{"alt_text":"","src":"https:\/\/i0.wp.com\/no-made.net\/wp-content\/uploads\/2019\/11\/liste-des-oeuvres-web-150x150.jpg?resize=350%2C200&ssl=1","width":350,"height":200,"srcset":"https:\/\/i0.wp.com\/no-made.net\/wp-content\/uploads\/2019\/11\/liste-des-oeuvres-web-150x150.jpg?resize=350%2C200&ssl=1 1x, https:\/\/i0.wp.com\/no-made.net\/wp-content\/uploads\/2019\/11\/liste-des-oeuvres-web-150x150.jpg?resize=525%2C300&ssl=1 1.5x, https:\/\/i0.wp.com\/no-made.net\/wp-content\/uploads\/2019\/11\/liste-des-oeuvres-web-150x150.jpg?resize=700%2C400&ssl=1 2x"},"classes":[]},{"id":3939,"url":"https:\/\/no-made.net\/index.php\/2026-no-made-hors-les-murs-transcafe-antibes\/","url_meta":{"origin":445,"position":3},"title":"2026 : l&rsquo;Arboretum de Roure hors les murs &#8211; au TransartCaf\u00e9 d&rsquo;Antibes","author":"no-made","date":"14 juillet 2026","format":false,"excerpt":"Vernissage Vendredi 11 Septembre 2026 - 18h arboretum hors les murs - tansartcaf\u00e9 Les \u0153uvres de 2024 et 2025 concernant la non-intervention seront expos\u00e9es cette ann\u00e9e : des vid\u00e9os, photos, gravures, dessins, BD, livres Accrochage les 9 et 10 septembre, vernissage le 11 septembre 2026 6 Rue du Docteur Rostan,\u2026","rel":"","context":"Article similaire","block_context":{"text":"Article similaire","link":""},"img":{"alt_text":"","src":"https:\/\/i0.wp.com\/no-made.net\/wp-content\/uploads\/2026\/07\/no-made-hors-les-murs-Transcafe-Antibe-Sept-2026-1.jpg?resize=350%2C200&ssl=1","width":350,"height":200,"srcset":"https:\/\/i0.wp.com\/no-made.net\/wp-content\/uploads\/2026\/07\/no-made-hors-les-murs-Transcafe-Antibe-Sept-2026-1.jpg?resize=350%2C200&ssl=1 1x, https:\/\/i0.wp.com\/no-made.net\/wp-content\/uploads\/2026\/07\/no-made-hors-les-murs-Transcafe-Antibe-Sept-2026-1.jpg?resize=525%2C300&ssl=1 1.5x, https:\/\/i0.wp.com\/no-made.net\/wp-content\/uploads\/2026\/07\/no-made-hors-les-murs-Transcafe-Antibe-Sept-2026-1.jpg?resize=700%2C400&ssl=1 2x, https:\/\/i0.wp.com\/no-made.net\/wp-content\/uploads\/2026\/07\/no-made-hors-les-murs-Transcafe-Antibe-Sept-2026-1.jpg?resize=1050%2C600&ssl=1 3x"},"classes":[]},{"id":3492,"url":"https:\/\/no-made.net\/index.php\/2025-d-t-p-a-l-n-i-le-geste-arboretum-de-roure\/","url_meta":{"origin":445,"position":4},"title":"2025 : Arboretum de Roure, d.t.p.\u00e0.l.n.i  &#8211; Le Geste","author":"no-made","date":"26 juillet 2025","format":false,"excerpt":"d.u t.\u00e9rritoire p.artag\u00e9 \u00e0 l.a n.on-i.ntervention Dans le cadre de la th\u00e9matique \u00ab du territoire partag\u00e9 \u00e0 la non-intervention \u00bb initi\u00e9e en 2024, nous poursuivons en 2025 avec la notion de \"Geste\" invitation 2025 affiche mains cerf 2025 sans logo Monaco Le Vernissage avec Mme le Maire de Roure Yanne\u2026","rel":"","context":"Article similaire","block_context":{"text":"Article similaire","link":""},"img":{"alt_text":"","src":"https:\/\/i0.wp.com\/no-made.net\/wp-content\/uploads\/2025\/10\/ARBO-01-2-150x113.jpg?resize=350%2C200&ssl=1","width":350,"height":200,"srcset":"https:\/\/i0.wp.com\/no-made.net\/wp-content\/uploads\/2025\/10\/ARBO-01-2-150x113.jpg?resize=350%2C200&ssl=1 1x, https:\/\/i0.wp.com\/no-made.net\/wp-content\/uploads\/2025\/10\/ARBO-01-2-150x113.jpg?resize=525%2C300&ssl=1 1.5x, https:\/\/i0.wp.com\/no-made.net\/wp-content\/uploads\/2025\/10\/ARBO-01-2-150x113.jpg?resize=700%2C400&ssl=1 2x, https:\/\/i0.wp.com\/no-made.net\/wp-content\/uploads\/2025\/10\/ARBO-01-2-150x113.jpg?resize=1050%2C600&ssl=1 3x, https:\/\/i0.wp.com\/no-made.net\/wp-content\/uploads\/2025\/10\/ARBO-01-2-150x113.jpg?resize=1400%2C800&ssl=1 4x"},"classes":[]},{"id":1260,"url":"https:\/\/no-made.net\/index.php\/2021-2\/","url_meta":{"origin":445,"position":5},"title":"2021 : Jardins d&rsquo;Artistes","author":"no-made","date":"8 janvier 2021","format":false,"excerpt":"6 artistes ont pr\u00e9sent\u00e9 de nouvelles \u0153uvres \u00e0 l'Arboretum de Roure cette ann\u00e9e autour des \"r\u00e9sidentes\" ; Joan Bettini \/ Lorenzo Biagi \/ Sally Ducrow \/ Denis Gibelin \/ Mich\u00e8le Kleijnen. Nicolas Lavarenne pr\u00e9vu n'a pas pu nous rejoindre. Alain Baudry (Chercheur de son) a r\u00e9alis\u00e9 un prise de son\u2026","rel":"","context":"Article similaire","block_context":{"text":"Article similaire","link":""},"img":{"alt_text":"","src":"https:\/\/i0.wp.com\/no-made.net\/wp-content\/uploads\/2021\/06\/Site-1-1-150x113.jpg?resize=350%2C200&ssl=1","width":350,"height":200,"srcset":"https:\/\/i0.wp.com\/no-made.net\/wp-content\/uploads\/2021\/06\/Site-1-1-150x113.jpg?resize=350%2C200&ssl=1 1x, https:\/\/i0.wp.com\/no-made.net\/wp-content\/uploads\/2021\/06\/Site-1-1-150x113.jpg?resize=525%2C300&ssl=1 1.5x, https:\/\/i0.wp.com\/no-made.net\/wp-content\/uploads\/2021\/06\/Site-1-1-150x113.jpg?resize=700%2C400&ssl=1 2x, https:\/\/i0.wp.com\/no-made.net\/wp-content\/uploads\/2021\/06\/Site-1-1-150x113.jpg?resize=1050%2C600&ssl=1 3x, https:\/\/i0.wp.com\/no-made.net\/wp-content\/uploads\/2021\/06\/Site-1-1-150x113.jpg?resize=1400%2C800&ssl=1 4x"},"classes":[]}],"_links":{"self":[{"href":"https:\/\/no-made.net\/index.php\/wp-json\/wp\/v2\/pages\/445","targetHints":{"allow":["GET"]}}],"collection":[{"href":"https:\/\/no-made.net\/index.php\/wp-json\/wp\/v2\/pages"}],"about":[{"href":"https:\/\/no-made.net\/index.php\/wp-json\/wp\/v2\/types\/page"}],"author":[{"embeddable":true,"href":"https:\/\/no-made.net\/index.php\/wp-json\/wp\/v2\/users\/1"}],"replies":[{"embeddable":true,"href":"https:\/\/no-made.net\/index.php\/wp-json\/wp\/v2\/comments?post=445"}],"version-history":[{"count":1,"href":"https:\/\/no-made.net\/index.php\/wp-json\/wp\/v2\/pages\/445\/revisions"}],"predecessor-version":[{"id":447,"href":"https:\/\/no-made.net\/index.php\/wp-json\/wp\/v2\/pages\/445\/revisions\/447"}],"up":[{"embeddable":true,"href":"https:\/\/no-made.net\/index.php\/wp-json\/wp\/v2\/pages\/408"}],"wp:attachment":[{"href":"https:\/\/no-made.net\/index.php\/wp-json\/wp\/v2\/media?parent=445"}],"curies":[{"name":"wp","href":"https:\/\/api.w.org\/{rel}","templated":true}]}}

Les archives des expositions de no-made depuis l'année 2003 sont en ligne sous forme de dossiers ou catalogues sur le site calameo.com et plus particulièrement ici : 2003, dossier signé Ben 2004, catalogue signé Ernest Pignon Ernest, Cap d'Ail-Villa Le Roc Fleuri, Arborétum de Roure 2004, dossier signé Ernest Pignon…

10 février 2016

2019 : Roure, Dollé

2003-2019, l'Arboretum de Louis Dollé. Le catalogue de l'exposition : une visite guidée.

2026 : l&rsquo;Arboretum de Roure hors les murs &#8211; au TransartCafé d&rsquo;Antibes

Vernissage Vendredi 11 Septembre 2026 - 18h arboretum hors les murs - tansartcafé Les œuvres de 2024 et 2025 concernant la non-intervention seront exposées cette année : des vidéos, photos, gravures, dessins, BD, livres Accrochage les 9 et 10 septembre, vernissage le 11 septembre 2026 6 Rue du Docteur Rostan,…

2025 : Arboretum de Roure, d.t.p.à.l.n.i  &#8211; Le Geste

d.u t.érritoire p.artagé à l.a n.on-i.ntervention Dans le cadre de la thématique « du territoire partagé à la non-intervention » initiée en 2024, nous poursuivons en 2025 avec la notion de "Geste" invitation 2025 affiche mains cerf 2025 sans logo Monaco Le Vernissage avec Mme le Maire de Roure Yanne…

6 artistes ont présenté de nouvelles œuvres à l'Arboretum de Roure cette année autour des "résidentes" ; Joan Bettini / Lorenzo Biagi / Sally Ducrow / Denis Gibelin / Michèle Kleijnen. Nicolas Lavarenne prévu n'a pas pu nous rejoindre. Alain Baudry (Chercheur de son) a réalisé un prise de son…
