{"id":90,"date":"2016-02-04T17:15:09","date_gmt":"2016-02-04T16:15:09","guid":{"rendered":"http:\/\/no-made.net\/?page_id=90"},"modified":"2016-02-11T14:42:00","modified_gmt":"2016-02-11T13:42:00","slug":"cap-dail","status":"publish","type":"page","link":"https:\/\/no-made.net\/index.php\/annales\/cap-dail\/","title":{"rendered":"Cap d&rsquo;Ail"},"content":{"rendered":"<p>Quelques vues :<\/p>\n<p><img data-recalc-dims=\"1\" loading=\"lazy\" decoding=\"async\" data-attachment-id=\"178\" data-permalink=\"https:\/\/no-made.net\/index.php\/annales\/cap-dail\/cap-d-ail-vandewelde-web-2\/\" data-orig-file=\"https:\/\/i0.wp.com\/no-made.net\/wp-content\/uploads\/2016\/02\/cap-d-ail-vandewelde-web-1.jpg?fit=532%2C800&amp;ssl=1\" data-orig-size=\"532,800\" data-comments-opened=\"0\" data-image-meta=\"{&quot;aperture&quot;:&quot;0&quot;,&quot;credit&quot;:&quot;&quot;,&quot;camera&quot;:&quot;&quot;,&quot;caption&quot;:&quot;&quot;,&quot;created_timestamp&quot;:&quot;0&quot;,&quot;copyright&quot;:&quot;&quot;,&quot;focal_length&quot;:&quot;0&quot;,&quot;iso&quot;:&quot;0&quot;,&quot;shutter_speed&quot;:&quot;0&quot;,&quot;title&quot;:&quot;&quot;,&quot;orientation&quot;:&quot;1&quot;}\" data-image-title=\"cap-d-ail-vandewelde-web\" data-image-description=\"\" data-image-caption=\"\" data-large-file=\"https:\/\/i0.wp.com\/no-made.net\/wp-content\/uploads\/2016\/02\/cap-d-ail-vandewelde-web-1.jpg?fit=532%2C800&amp;ssl=1\" class=\"size-medium wp-image-178 alignleft\" src=\"https:\/\/i0.wp.com\/no-made.net\/wp-content\/uploads\/2016\/02\/cap-d-ail-vandewelde-web-1.jpg?resize=200%2C300&#038;ssl=1\" alt=\"cap-d-ail-vandewelde-web\" width=\"200\" height=\"300\" srcset=\"https:\/\/i0.wp.com\/no-made.net\/wp-content\/uploads\/2016\/02\/cap-d-ail-vandewelde-web-1.jpg?resize=200%2C300&amp;ssl=1 200w, https:\/\/i0.wp.com\/no-made.net\/wp-content\/uploads\/2016\/02\/cap-d-ail-vandewelde-web-1.jpg?resize=100%2C150&amp;ssl=1 100w, https:\/\/i0.wp.com\/no-made.net\/wp-content\/uploads\/2016\/02\/cap-d-ail-vandewelde-web-1.jpg?w=532&amp;ssl=1 532w\" sizes=\"auto, (max-width: 200px) 100vw, 200px\" \/><img data-recalc-dims=\"1\" loading=\"lazy\" decoding=\"async\" data-attachment-id=\"177\" data-permalink=\"https:\/\/no-made.net\/index.php\/annales\/cap-dail\/cap-d-ail-bel-web-2\/\" data-orig-file=\"https:\/\/i0.wp.com\/no-made.net\/wp-content\/uploads\/2016\/02\/cap-d-ail-Bel-web-1.jpg?fit=532%2C800&amp;ssl=1\" data-orig-size=\"532,800\" data-comments-opened=\"0\" data-image-meta=\"{&quot;aperture&quot;:&quot;0&quot;,&quot;credit&quot;:&quot;&quot;,&quot;camera&quot;:&quot;&quot;,&quot;caption&quot;:&quot;&quot;,&quot;created_timestamp&quot;:&quot;0&quot;,&quot;copyright&quot;:&quot;&quot;,&quot;focal_length&quot;:&quot;0&quot;,&quot;iso&quot;:&quot;0&quot;,&quot;shutter_speed&quot;:&quot;0&quot;,&quot;title&quot;:&quot;&quot;,&quot;orientation&quot;:&quot;1&quot;}\" data-image-title=\"cap-d-ail-Bel-web\" data-image-description=\"\" data-image-caption=\"\" data-large-file=\"https:\/\/i0.wp.com\/no-made.net\/wp-content\/uploads\/2016\/02\/cap-d-ail-Bel-web-1.jpg?fit=532%2C800&amp;ssl=1\" class=\"size-medium wp-image-177 alignright\" src=\"https:\/\/i0.wp.com\/no-made.net\/wp-content\/uploads\/2016\/02\/cap-d-ail-Bel-web-1.jpg?resize=200%2C300&#038;ssl=1\" alt=\"cap-d-ail-Bel-web\" width=\"200\" height=\"300\" srcset=\"https:\/\/i0.wp.com\/no-made.net\/wp-content\/uploads\/2016\/02\/cap-d-ail-Bel-web-1.jpg?resize=200%2C300&amp;ssl=1 200w, https:\/\/i0.wp.com\/no-made.net\/wp-content\/uploads\/2016\/02\/cap-d-ail-Bel-web-1.jpg?resize=100%2C150&amp;ssl=1 100w, https:\/\/i0.wp.com\/no-made.net\/wp-content\/uploads\/2016\/02\/cap-d-ail-Bel-web-1.jpg?w=532&amp;ssl=1 532w\" sizes=\"auto, (max-width: 200px) 100vw, 200px\" \/><\/p>\n<p>&nbsp;<\/p>\n<p>&nbsp;<\/p>\n<p>&nbsp;<\/p>\n<p>&nbsp;<\/p>\n<p>&nbsp;<\/p>\n<p>&nbsp;<\/p>\n<p>&nbsp;<\/p>\n<p><img data-recalc-dims=\"1\" loading=\"lazy\" decoding=\"async\" data-attachment-id=\"176\" data-permalink=\"https:\/\/no-made.net\/index.php\/annales\/cap-dail\/cap-d-ail-amos-web-2\/\" data-orig-file=\"https:\/\/i0.wp.com\/no-made.net\/wp-content\/uploads\/2016\/02\/cap-d-ail-amos-web-1.jpg?fit=800%2C532&amp;ssl=1\" data-orig-size=\"800,532\" data-comments-opened=\"0\" data-image-meta=\"{&quot;aperture&quot;:&quot;0&quot;,&quot;credit&quot;:&quot;&quot;,&quot;camera&quot;:&quot;&quot;,&quot;caption&quot;:&quot;&quot;,&quot;created_timestamp&quot;:&quot;0&quot;,&quot;copyright&quot;:&quot;&quot;,&quot;focal_length&quot;:&quot;0&quot;,&quot;iso&quot;:&quot;0&quot;,&quot;shutter_speed&quot;:&quot;0&quot;,&quot;title&quot;:&quot;&quot;,&quot;orientation&quot;:&quot;1&quot;}\" data-image-title=\"cap-d-ail-amos-web\" data-image-description=\"\" data-image-caption=\"\" data-large-file=\"https:\/\/i0.wp.com\/no-made.net\/wp-content\/uploads\/2016\/02\/cap-d-ail-amos-web-1.jpg?fit=660%2C439&amp;ssl=1\" class=\"size-medium wp-image-176 aligncenter\" src=\"https:\/\/i0.wp.com\/no-made.net\/wp-content\/uploads\/2016\/02\/cap-d-ail-amos-web-1.jpg?resize=300%2C200&#038;ssl=1\" alt=\"cap-d-ail-amos-web\" width=\"300\" height=\"200\" srcset=\"https:\/\/i0.wp.com\/no-made.net\/wp-content\/uploads\/2016\/02\/cap-d-ail-amos-web-1.jpg?resize=300%2C200&amp;ssl=1 300w, https:\/\/i0.wp.com\/no-made.net\/wp-content\/uploads\/2016\/02\/cap-d-ail-amos-web-1.jpg?resize=150%2C100&amp;ssl=1 150w, https:\/\/i0.wp.com\/no-made.net\/wp-content\/uploads\/2016\/02\/cap-d-ail-amos-web-1.jpg?w=800&amp;ssl=1 800w\" sizes=\"auto, (max-width: 300px) 100vw, 300px\" \/><\/p>\n<p><a href=\"https:\/\/fr.calameo.com\/read\/004431895c16b9980d801\">Le catalogue<\/a><\/p>\n<p>&nbsp;<\/p>\n","protected":false},"excerpt":{"rendered":"<p>Quelques vues : &nbsp; &nbsp; &nbsp; &nbsp; &nbsp; &nbsp; &nbsp; Le catalogue &nbsp;<\/p>\n","protected":false},"author":1,"featured_media":94,"parent":35,"menu_order":2,"comment_status":"closed","ping_status":"closed","template":"","meta":{"jetpack_post_was_ever_published":false,"footnotes":""},"class_list":["post-90","page","type-page","status-publish","has-post-thumbnail","hentry"],"jetpack_sharing_enabled":true,"jetpack_shortlink":"https:\/\/wp.me\/P7iEVt-1s","jetpack-related-posts":[{"id":35,"url":"https:\/\/no-made.net\/index.php\/annales\/","url_meta":{"origin":90,"position":0},"title":"Dossiers et catalogues : 2003 \u27f6 2017","author":"no-made","date":"30 janvier 2016","format":false,"excerpt":"Les archives des expositions de no-made depuis l'ann\u00e9e 2003 sont en ligne sous forme de dossiers ou catalogues sur le site calameo.com et plus particuli\u00e8rement ici : 2003, dossier sign\u00e9 Ben 2004, catalogue sign\u00e9 Ernest Pignon Ernest, Cap d'Ail-Villa Le Roc Fleuri, Arbor\u00e9tum de Roure 2004, dossier sign\u00e9 Ernest Pignon\u2026","rel":"","context":"Article similaire","block_context":{"text":"Article similaire","link":""},"img":{"alt_text":"","src":"","width":0,"height":0},"classes":[]},{"id":287,"url":"https:\/\/no-made.net\/index.php\/poursuite-cap-dail-2016\/","url_meta":{"origin":90,"position":1},"title":"2016 : PourSuitE","author":"no-made","date":"18 ao\u00fbt 2016","format":false,"excerpt":"\u00a0Septembre L'exposition est ouverte. D\u00e9j\u00e0 un livret-outil pour accompagner une visite au Roc Fleuri. Le catalogue suivra plus tard. Le mot du Pr\u00e9sident Ce th\u00e8me s\u2019inscrit dans la continuit\u00e9 de \u00ab l\u2019immobilit\u00e9 dans le mouvement\u00a0\u00bb pr\u00e9sent\u00e9e au STAPS en 2016 et \u00ab\u00a0 de point(s) de vue, point(s) de vie\u00a0\u00bb \u00e0\u2026","rel":"","context":"Article similaire","block_context":{"text":"Article similaire","link":""},"img":{"alt_text":"affiche2016-web","src":"https:\/\/i0.wp.com\/no-made.net\/wp-content\/uploads\/2016\/08\/affiche2016-web-218x300.jpg?resize=350%2C200","width":350,"height":200},"classes":[]},{"id":2681,"url":"https:\/\/no-made.net\/index.php\/2023-fatras-cap-dail\/","url_meta":{"origin":90,"position":2},"title":"2023 : Cap d&rsquo;Ail, Fatras","author":"no-made","date":"10 juillet 2023","format":false,"excerpt":"et pour cette derni\u00e8re expo au Roc, tous les visuels no-made 2001 - 2023 Mini performance de Florent Testa entre les go\u00fbtes de pluie. Programme report\u00e9 \u00e0 samedi 23 septembre ................. ................ Denis Gibelin, pr\u00e9sident de no-made Xavier Delmas, adjoint \u00e0 la culture, Mairie de Cap D'ail Charles Cottenot, propri\u00e9taire\u2026","rel":"","context":"Article similaire","block_context":{"text":"Article similaire","link":""},"img":{"alt_text":"","src":"https:\/\/i0.wp.com\/no-made.net\/wp-content\/uploads\/2023\/09\/IMG_20230916_152907-1-scaled.jpg?resize=350%2C200","width":350,"height":200,"srcset":"https:\/\/i0.wp.com\/no-made.net\/wp-content\/uploads\/2023\/09\/IMG_20230916_152907-1-scaled.jpg?resize=350%2C200 1x, https:\/\/i0.wp.com\/no-made.net\/wp-content\/uploads\/2023\/09\/IMG_20230916_152907-1-scaled.jpg?resize=525%2C300 1.5x, https:\/\/i0.wp.com\/no-made.net\/wp-content\/uploads\/2023\/09\/IMG_20230916_152907-1-scaled.jpg?resize=700%2C400 2x, https:\/\/i0.wp.com\/no-made.net\/wp-content\/uploads\/2023\/09\/IMG_20230916_152907-1-scaled.jpg?resize=1050%2C600 3x, https:\/\/i0.wp.com\/no-made.net\/wp-content\/uploads\/2023\/09\/IMG_20230916_152907-1-scaled.jpg?resize=1400%2C800 4x"},"classes":[]},{"id":735,"url":"https:\/\/no-made.net\/index.php\/2018-pensees-sauvages\/","url_meta":{"origin":90,"position":3},"title":"2018 : Pens\u00e9es sauvages","author":"no-made","date":"20 septembre 2018","format":false,"excerpt":"Cap d'Ail : cette ann\u00e9e no-made donne carte blanche \u00e0 de jeunes artistes. \u00a0 Communiqu\u00e9 de presse \"pens\u00e9es sauvages\" R\u00e9actions dans la presse locale : \u00a0 \u00a0 \u00a0 \u00a0 \u00a0 \u00a0 \u00a0 Performances : Malou Bonvissuto de la Cie Antipodes sur une chor\u00e9graphie de Lisie Philip \u00a0 \u00a0 \u00a0 \u00a0\u2026","rel":"","context":"Article similaire","block_context":{"text":"Article similaire","link":""},"img":{"alt_text":"","src":"https:\/\/i0.wp.com\/no-made.net\/wp-content\/uploads\/2018\/09\/Kleijnen-pensees-sauvages-web-e1537896167153.jpg?resize=350%2C200","width":350,"height":200,"srcset":"https:\/\/i0.wp.com\/no-made.net\/wp-content\/uploads\/2018\/09\/Kleijnen-pensees-sauvages-web-e1537896167153.jpg?resize=350%2C200 1x, https:\/\/i0.wp.com\/no-made.net\/wp-content\/uploads\/2018\/09\/Kleijnen-pensees-sauvages-web-e1537896167153.jpg?resize=525%2C300 1.5x, https:\/\/i0.wp.com\/no-made.net\/wp-content\/uploads\/2018\/09\/Kleijnen-pensees-sauvages-web-e1537896167153.jpg?resize=700%2C400 2x"},"classes":[]},{"id":341,"url":"https:\/\/no-made.net\/index.php\/contacts-et-liens\/","url_meta":{"origin":90,"position":4},"title":"Contacts et liens","author":"no-made","date":"27 janvier 2017","format":false,"excerpt":"Le pr\u00e9sident no.made.lassos@gmail.com 06 09 03 33 83 Vers les sites des artistes en lien avec no-made Alain Baudry Joan Bettini Nathalie Broyelle Louis Doll\u00e9 Gabriel Fabre Christian Fulcheri Denis Gibelin Florence Guillemot Jean-Pierre Joly Mich\u00e8le Kleijnen Cl\u00e9mence Knaebel Andr\u00e9 Marzuk Veronique Roussiaux Oksana Sokolova Florent Testa Silva Usta Anne-Sophie\u2026","rel":"","context":"Article similaire","block_context":{"text":"Article similaire","link":""},"img":{"alt_text":"","src":"","width":0,"height":0},"classes":[]},{"id":955,"url":"https:\/\/no-made.net\/index.php\/cap-dail-2019-batir\/","url_meta":{"origin":90,"position":5},"title":"2019 : Cap d&rsquo;Ail, B\u00e2tir","author":"no-made","date":"1 octobre 2019","format":false,"excerpt":"Visite de l'exposition Caterina Aicardi Maria Amos Benoit Barbagli Tom Barbagli Joan Bettini Lorenzo Biagi Catherine Cotto Alex Devaud V\u00e9ronique et Jean Dalloni Louis Doll\u00e9 Gabriel Fabre Christian Fulcheri Denis Gibelin Florence Guillemot-Vilain Mary Joly Jean Pierre Joly Liselott Johnsson Mich\u00e8le Kleijnen Laurine Landry Marie France Lesn\u00e9 Fr\u00e9d\u00e9ric Falsetti St\u00e9phanie\u2026","rel":"","context":"Article similaire","block_context":{"text":"Article similaire","link":""},"img":{"alt_text":"","src":"https:\/\/i0.wp.com\/no-made.net\/wp-content\/uploads\/2019\/10\/Aicardi-web.jpg?resize=350%2C200","width":350,"height":200,"srcset":"https:\/\/i0.wp.com\/no-made.net\/wp-content\/uploads\/2019\/10\/Aicardi-web.jpg?resize=350%2C200 1x, https:\/\/i0.wp.com\/no-made.net\/wp-content\/uploads\/2019\/10\/Aicardi-web.jpg?resize=525%2C300 1.5x"},"classes":[]}],"_links":{"self":[{"href":"https:\/\/no-made.net\/index.php\/wp-json\/wp\/v2\/pages\/90","targetHints":{"allow":["GET"]}}],"collection":[{"href":"https:\/\/no-made.net\/index.php\/wp-json\/wp\/v2\/pages"}],"about":[{"href":"https:\/\/no-made.net\/index.php\/wp-json\/wp\/v2\/types\/page"}],"author":[{"embeddable":true,"href":"https:\/\/no-made.net\/index.php\/wp-json\/wp\/v2\/users\/1"}],"replies":[{"embeddable":true,"href":"https:\/\/no-made.net\/index.php\/wp-json\/wp\/v2\/comments?post=90"}],"version-history":[{"count":5,"href":"https:\/\/no-made.net\/index.php\/wp-json\/wp\/v2\/pages\/90\/revisions"}],"predecessor-version":[{"id":179,"href":"https:\/\/no-made.net\/index.php\/wp-json\/wp\/v2\/pages\/90\/revisions\/179"}],"up":[{"embeddable":true,"href":"https:\/\/no-made.net\/index.php\/wp-json\/wp\/v2\/pages\/35"}],"wp:featuredmedia":[{"embeddable":true,"href":"https:\/\/no-made.net\/index.php\/wp-json\/wp\/v2\/media\/94"}],"wp:attachment":[{"href":"https:\/\/no-made.net\/index.php\/wp-json\/wp\/v2\/media?parent=90"}],"curies":[{"name":"wp","href":"https:\/\/api.w.org\/{rel}","templated":true}]}}